base 9) to base 5.
133110
What is -29dd (base 16) in base 15?
-3297
What is -1231 (base 8) in base 6?
-3025
What is 330 (base 6) in base 4?
1332
What is 132132 (base 5) in base 13?
2541
What is -17079 (base 10) in base 2?
-100001010110111
21233320 (base 4) to base 6
504504
-1488 (base 13) to base 6
-21453
What is 811 (base 9) in base 11?
549
Convert 44502 (base 8) to base 5.
1100004
10c (base 15) to base 13
153
Convert 3a8 (base 12) to base 14.
2c0
-1041 (base 8) to base 3
-202012
What is -18403 (base 9) in base 14?
-48c8
Convert 100100100000000 (base 2) to base 5.
1044223
What is -34222 (base 6) in base 3?
-20122012
1323301 (base 5) to base 16
684d
-30604 (base 7) to base 9
-11254
Convert -787 (base 10) to base 11.
-656
Convert -2a (base 16) to base 15.
-2c
642 (base 7) to base 8
504
Convert -4311313 (base 5) to base 11.
-4a699
What is -220221120 (base 3) in base 2?
-100011100001010
Convert 105253 (base 6) to base 10.
8961
What is -ab44 (base 13) in base 3?
-1012202122
Convert -1110110001 (base 2) to base 16.
-3b1
What is 2201200 (base 3) in base 7?
5541
Convert 334 (base 8) to base 3.
22011
What is 46aa (base 15) in base 14?
5682
308 (base 13) to base 11
429
What is 413 (base 10) in base 13?
25a
What is -10410 (base 7) in base 6?
-20020
Convert 7284 (base 11) to base 14.
3735
4081 (base 9) to base 15
d44
-1120100112 (base 3) to base 10
-30875
Convert -11111222001 (base 3) to base 12.
-43554
What is -100100010 (base 2) in base 16?
-122
What is 101011000010 (base 2) in base 3?
10210000
What is 27776 (base 9) in base 3?
221212120
-6983 (base 11) to base 4
-2033032
-21117 (base 9) to base 4
-3121330
-63 (base 15) to base 12
-79
111232 (base 4) to base 15
62a
5c0b (base 15) to base 12
b402
Convert 27b0 (base 14) to base 13.
3267
What is 2030031 (base 4) in base 14?
33ad
Convert -3846 (base 9) to base 2.
-101100111101
-1284 (base 10) to base 4
-110010
Convert 1413 (base 5) to base 10.
233
-26d (base 14) to base 8
-751
Convert -12c6 (base 15) to base 9.
-5446
-441 (base 7) to base 5
-1400
Convert b10d (base 15) to base 14.
d88b
What is -32439 (base 10) in base 8?
-77267
What is -2381 (base 14) in base 7?
-24021
Convert -11158 (base 10) to base 13.
-5104
What is -14144 (base 7) in base 2?
-111100001110
21012012 (base 3) to base 6
40135
Convert 5a48 (base 13) to base 12.
7453
What is 402 (base 9) in base 15?
16b
13a (base 15) to base 10
280
Convert -110011010001000 (base 2) to base 7.
-136345
What is -3434 (base 16) in base 12?
-7898
Convert -22010010 (base 3) to base 6.
-43220
Convert 967 (base 13) to base 2.
11001000110
-321 (base 15) to base 2
-1011000010
What is -341 (base 5) in base 10?
-96
Convert -b523 (base 14) to base 3.
-1120210101
10010011110 (base 2) to base 10
1182
What is -3024 (base 5) in base 7?
-1064
3873 (base 9) to base 2
101101010101
Convert -102122 (base 4) to base 2.
-10010011010
Convert -20010 (base 3) to base 10.
-165
-9765 (base 14) to base 8
-63055
What is 5215 (base 8) in base 7?
10606
What is 4125 (base 7) in base 6?
10400
-1121102 (base 3) to base 12
-818
What is 204511 (base 6) in base 5?
1012403
1302 (base 6) to base 11
277
-2101212010 (base 3) to base 8
-134260
What is 125 (base 6) in base 7?
104
Convert -24735 (base 12) to base 2.
-1100000100011001
Convert 2761 (base 8) to base 16.
5f1
What is -8c81 (base 13) in base 7?
-111314
What is -1a9 (base 12) in base 9?
-333
-1373 (base 9) to base 14
-542
1446 (base 9) to base 8
2107
What is 1676 (base 8) in base 6?
4234
-1aa4 (base 14) to base 15
-1683
16d (base 15) to base 2
101001000
-1b538 (base 13) to base 2
-1101000101110100
What is 35727 (base 9) in base 15?
714a
Convert 1201 (base 5) to base 4.
2300
110001010000100 (base 2) to base 11
17a48
Convert 1809 (base 13) to base 5.
103213
Convert -42214 (base 6) to base 13.
-2794
What is -2a32 (base 15) in base 12?
-529b
-51a7 (base 11) to base 13
-31a3
What is 22001 (base 6) in base 3?
11011001
1100211111 (base 3) to base 16
68e3
What is 440 (base 9) in base 5?
2420
-302031 (base 6) to base 2
-101110011100011
What is 12510 (base 7) in base 8?
6413
Convert -834 (base 14) to base 12.
-b26
-10011011 (base 2) to base 5
-1110
-69 (base 13) to base 7
-153
Convert -b92 (base 16) to base 3.
-11001201
Convert -a09 (base 16) to base 14.
-d17
-538 (base 12) to base 7
-2141
462 (base 10) to base 13
297
5252 (base 6) to base 5
14214
Convert 1a61b (base 13) to base 3.
2121201222
What is 1010011010 (base 2) in base 8?
1232
What is -123a (base 11) in base 9?
-2185
Convert -134c (base 14) to base 8.
-6510
What is -d273 (base 15) in base 4?
-22312101
Convert -3153 (base 7) to base 10.
-1116
What is -66d (base 15) in base 16?
-5ad
-155654 (base 8) to base 11
-39284
-102120012 (base 3) to base 2
-10000011101101
What is 11001110010 (base 2) in base 16?
672
13250 (base 9) to base 14
3399
What is 175 (base 12) in base 13?
14c
What is -a035 (base 13) in base 6?
-245530
Convert 2100010110 (base 3) to base 11.
31637
Convert -560 (base 9) to base 10.
-459
Convert 2102330 (base 4) to base 9.
13808
Convert 414 (base 8) to base 3.
100221
1131 (base 4) to base 8
135
What is -106346 (base 7) in base 9?
-28112
Convert 1230434 (base 5) to base 13.
ab31
Convert 8309 (base 11) to base 5.
323040
2011130 (base 4) to base 16
215c
What is 2281 (base 9) in base 11?
12aa
What is -4a5b (base 12) in base 2?
-10000011100111
Convert -10210111 (base 3) to base 16.
-acf
What is -31310 (base 5) in base 15?
-93a
-503c (base 16) to base 8
-50074
535 (base 6) to base 11
175
Convert -223320 (base 4) to base 5.
-42213
Convert -15225 (base 6) to base 4.
-212201
What is -22034 (base 7) in base 5?
-134023
What is -41550 (base 6) in base 9?
-7623
What is -353600 (base 7) in base 4?
-33210011
What is 1164 (base 8) in base 13?
394
Convert 2111102 (base 3) to base 8.
3434
What is -34 (base 7) in base 4?
-121
1c0c (base 16) to base 2
1110000001100
Convert -580 (base 10) to base 15.
-28a
32062 (base 9) to base 11
14a20
What is -1a47 (base 13) in base 11?
-2a68
52032 (base 8) to base 16
541a
What is 20201 (base 5) in base 14?
68d
What is -997 (base 10) in base 15?
-467
Convert -14151 (base 6) to base 10.
-2227
10444 (base 6) to base 13
88c
Convert 313a (base 12) to base 5.
132444
Convert 124 (base 14) to base 15.
103
-22220 (base 3) to base 8
-360
1742 (base 8) to base 16
3e2
Convert -10121110222 (base 3) to base 15.
-160c8
What is -5455 (base 9) in base 16?
-fb3
Convert 8a7 (base 14) to base 6.
11535
1001111 (base 2) to base 4
1033
What is -27250 (base 10) in base 7?
-142306
1691 (base 10) to base 12
b8b
Convert 20696 (base 10) to base 8.
50330
What is -11043 (base 6) in base 16?
-603
What is 2467 (base 9) in base 14?
959
Convert 311 (base 12) to base 9.
544
3dd (base 16) to base 15
45e
Convert -1220322 (base 4) to base 10.
-6714
What is 1032 (base 7) in base 15?
196
89d (base 14) to base 13
a14
What is 546 (base 11) in base 8?
1217
Convert 1010101 (base 2) to base 14.
61
101000110011 (base 2) to base 9
3521
Convert 21110200 (base 3) to base 8.
12505
-492 (base 10) to base 3
-200020
What is -11202 (base 4) in base 6?
-1350
Convert 434 (base 9) to base 5.
2410
a02 (base 11) to base 4
102330
What is 672 (base 12) in base 16?
3b6
Convert -20230 (base 4) to base 15.
-271
What is -1371 (base 12) in base 13?
-1039
3189 (base 10) to base 11
243a
Convert -21186 (base 10) to base 13.
-9849
-2032120 (base 4) to base 9
-13444
What is 27104 (base 11) in base 2?
1001011101000100
Convert 14251 (base 8) to base 13.
2b48
Convert -12b3 (base 12) to base 10.
-2151
15334 (base 6) to base 9
3384
Convert 3030 (base 10) to base 4.
233112
Convert 22453 (base 9) to base 5.
434302
Convert -11878 (base 11) to base 12.
-9a29
3449 (base 11) to base 15
1520
Convert 4415 (base 8) to base 13.
1093
Convert 7f0 (base 16) to base 12.
1214
-4717 (base 10) to base 14
-1a0d
1277c (base 13) to base 11
237a9
What is -513 (base 9) in base 5?
-3132
-8648 (base 11) to base 6
-124522
31427 (base 8) to base 13
5c51
What is 14454 (base 7) in base 13?
1a94
-5a3 (base 13) to base 6
-4310
What is 12032 (base 9) in base 7?
32315
What is -672 (base 8) in base 6?
-2014
Convert -365 (base 11) to base 8.
-662
1424002 (base 6) to base 11
56025
-33404 (base 6) to base 10
-4684
Convert -302 (base 7) to base 13.
-b6
What is -1329 (base 11